tors of 1664.
2, 13
What are the prime factors of 10189?
23, 443
What are the prime factors of 7237?
7237
List the prime factors of 99334.
2, 49667
List the prime factors of 6671.
7, 953
What are the prime factors of 5373?
3, 199
What are the prime factors of 2862?
2, 3, 53
What are the prime factors of 59807?
11, 5437
List the prime factors of 186704.
2, 7, 1667
List the prime factors of 15288.
2, 3, 7, 13
What are the prime factors of 48268?
2, 11, 1097
What are the prime factors of 6154?
2, 17, 181
List the prime factors of 9562.
2, 7, 683
What are the prime factors of 3821?
3821
List the prime factors of 8895.
3, 5, 593
List the prime factors of 51027.
3, 73, 233
What are the prime factors of 4059?
3, 11, 41
List the prime factors of 7525.
5, 7, 43
List the prime factors of 14013.
3, 173
What are the prime factors of 1856?
2, 29
What are the prime factors of 14180?
2, 5, 709
What are the prime factors of 185?
5, 37
What are the prime factors of 5473?
13, 421
List the prime factors of 790.
2, 5, 79
What are the prime factors of 2601?
3, 17
What are the prime factors of 665?
5, 7, 19
List the prime factors of 11573.
71, 163
List the prime factors of 211.
211
List the prime factors of 145.
5, 29
List the prime factors of 1805.
5, 19
What are the prime factors of 16283?
19, 857
List the prime factors of 30357.
3, 3373
List the prime factors of 2118.
2, 3, 353
What are the prime factors of 869?
11, 79
What are the prime factors of 2267?
2267
List the prime factors of 7825.
5, 313
List the prime factors of 18084.
2, 3, 11, 137
What are the prime factors of 482?
2, 241
What are the prime factors of 3757?
13, 17
What are the prime factors of 13297?
13297
List the prime factors of 7688.
2, 31
What are the prime factors of 1020?
2, 3, 5, 17
What are the prime factors of 3752?
2, 7, 67
What are the prime factors of 75?
3, 5
What are the prime factors of 123803?
123803
What are the prime factors of 14738?
2, 7369
List the prime factors of 1813.
7, 37
What are the prime factors of 15511?
15511
List the prime factors of 656.
2, 41
What are the prime factors of 63347?
63347
What are the prime factors of 24513?
3, 8171
List the prime factors of 12577.
12577
What are the prime factors of 177?
3, 59
List the prime factors of 10688.
2, 167
What are the prime factors of 6631?
19, 349
What are the prime factors of 8772?
2, 3, 17, 43
What are the prime factors of 1584?
2, 3, 11
List the prime factors of 3466.
2, 1733
What are the prime factors of 7814?
2, 3907
What are the prime factors of 6130?
2, 5, 613
List the prime factors of 16331.
7, 2333
List the prime factors of 2256.
2, 3, 47
List the prime factors of 835.
5, 167
What are the prime factors of 54?
2, 3
What are the prime factors of 403?
13, 31
What are the prime factors of 1879?
1879
What are the prime factors of 44562?
2, 3, 7, 1061
List the prime factors of 63338.
2, 11, 2879
What are the prime factors of 369?
3, 41
What are the prime factors of 1052?
2, 263
List the prime factors of 1983.
3, 661
List the prime factors of 1799.
7, 257
What are the prime factors of 323?
17, 19
List the prime factors of 37677.
3, 19, 661
List the prime factors of 474.
2, 3, 79
What are the prime factors of 5360?
2, 5, 67
List the prime factors of 6849.
3, 761
What are the prime factors of 2317?
7, 331
List the prime factors of 891.
3, 11
What are the prime factors of 11518?
2, 13, 443
What are the prime factors of 488?
2, 61
List the prime factors of 2505.
3, 5, 167
List the prime factors of 8883.
3, 7, 47
What are the prime factors of 140506?
2, 163, 431
What are the prime factors of 143951?
41, 3511
List the prime factors of 11101.
17, 653
List the prime factors of 2482.
2, 17, 73
List the prime factors of 2678.
2, 13, 103
What are the prime factors of 2837?
2837
List the prime factors of 10515.
3, 5, 701
List the prime factors of 14635.
5, 2927
What are the prime factors of 1113?
3, 7, 53
What are the prime factors of 896?
2, 7
What are the prime factors of 2313?
3, 257
List the prime factors of 7884.
2, 3, 73
What are the prime factors of 2841?
3, 947
List the prime factors of 22.
2, 11
List the prime factors of 23052.
2, 3, 17, 113
List the prime factors of 39964.
2, 97, 103
List the prime factors of 25227.
3, 2803
What are the prime factors of 5802?
2, 3, 967
List the prime factors of 26838.
2, 3, 7, 71
List the prime factors of 7728.
2, 3, 7, 23
List the prime factors of 15066.
2, 3, 31
List the prime factors of 218.
2, 109
What are the prime factors of 1770?
2, 3, 5, 59
What are the prime factors of 1334?
2, 23, 29
What are the prime factors of 78303?
3, 43, 607
What are the prime factors of 79336?
2, 47, 211
List the prime factors of 12360.
2, 3, 5, 103
List the prime factors of 13986.
2, 3, 7, 37
What are the prime factors of 3161?
29, 109
What are the prime factors of 691?
691
List the prime factors of 49214.
2, 11, 2237
List the prime factors of 48015.
3, 5, 11, 97
List the prime factors of 25176.
2, 3, 1049
List the prime factors of 5380.
2, 5, 269
What are the prime factors of 12541?
12541
List the prime factors of 326.
2, 163
List the prime factors of 2661.
3, 887
What are the prime factors of 486?
2, 3
What are the prime factors of 7150?
2, 5, 11, 13
List the prime factors of 1196.
2, 13, 23
What are the prime factors of 38553?
3, 71, 181
What are the prime factors of 1473?
3, 491
What are the prime factors of 11562?
2, 3, 41, 47
What are the prime factors of 492?
2, 3, 41
List the prime factors of 77703.
3, 59, 439
List the prime factors of 26815.
5, 31, 173
What are the prime factors of 163?
163
List the prime factors of 2217.
3, 739
What are the prime factors of 7308?
2, 3, 7, 29
List the prime factors of 11.
11
List the prime factors of 2906.
2, 1453
List the prime factors of 135769.
23, 5903
List the prime factors of 28831.
11, 2621
What are the prime factors of 2231?
23, 97
What are the prime factors of 1150?
2, 5, 23
List the prime factors of 636.
2, 3, 53
What are the prime factors of 657?
3, 73
What are the prime factors of 33711?
3, 17, 661
List the prime factors of 4565.
5, 11, 83
What are the prime factors of 2028?
2, 3, 13
What are the prime factors of 126734?
2, 63367
What are the prime factors of 2141?
2141
List the prime factors of 592.
2, 37
What are the prime factors of 19035?
3, 5, 47
List the prime factors of 18298.
2, 7, 1307
List the prime factors of 871.
13, 67
List the prime factors of 122352.
2, 3, 2549
What are the prime factors of 1960?
2, 5, 7
List the prime factors of 17794.
2, 7, 31, 41
What are the prime factors of 88242?
2, 3, 7, 11, 191
What are the prime factors of 3519?
3, 17, 23
What are the prime factors of 20981?
20981
List the prime factors of 6535.
5, 1307
What are the prime factors of 18555?
3, 5, 1237
What are the prime factors of 12714?
2, 3, 13, 163
List the prime factors of 2399.
2399
What are the prime factors of 11506?
2, 11, 523
What are the prime factors of 34?
2, 17
What are the prime factors of 706?
2, 353
What are the prime factors of 45855?
3, 5, 1019
List the prime factors of 103837.
103837
List the prime factors of 52459.
11, 19, 251
List the prime factors of 977.
977
What are the prime factors of 30138?
2, 3, 5023
List the prime factors of 32734.
2, 13, 1259
List the prime factors of 2293.
2293
List the prime factors of 27184.
2, 1699
What are the prime factors of 9903?
3, 3301
List the prime factors of 1550.
2, 5, 31
List the prime factors of 39452.
2, 7, 1409
What are the prime factors of 811?
811
List the prime factors of 48015.
3, 5, 11, 97
List the prime factors of 219.
3, 73
List the prime factors of 11149.
11149
What are the prime factors of 3573?
3, 397
List the prime factors of 110.
2, 5, 11
What are the prime factors of 1585?
5, 317
List the prime factors of 2725.
5, 109
What are the prime factors of 5238?
2, 3, 97
What are the prime factors of 57745?
5, 11549
List the prime factors of 2131.
2131
List the prime factors of 6053.
6053
What are the prime factors of 12383?
7, 29, 61
What are the prime factors of 4373?
4373
List the prime factors of 11836.
2, 11, 269
List the prime factors of 25767.
3, 7, 409
List the prime factors of 2453.
11, 223
List the prime factors of 890.
2, 5, 89
What are the prime factors of 10864?
2, 7, 97
What 